ase 13?
113
What is -b (base 14) in base 15?
-b
What is 5 (base 14) in base 13?
5
Convert 64 (base 10) to base 15.
44
-2 (base 8) to base 5
-2
What is 132 (base 5) in base 13?
33
2030 (base 4) to base 6
352
Convert 23 (base 6) to base 16.
f
What is 2 (base 9) in base 11?
2
Convert -3 (base 5) to base 16.
-3
What is -83 (base 13) in base 16?
-6b
What is 6 (base 9) in base 12?
6
24 (base 11) to base 12
22
Convert 132 (base 5) to base 10.
42
100 (base 3) to base 7
12
Convert 3 (base 5) to base 16.
3
-12 (base 15) to base 6
-25
45 (base 16) to base 12
59
Convert -68 (base 11) to base 16.
-4a
Convert -1101011 (base 2) to base 14.
-79
aa (base 16) to base 3
20022
0 (base 5) to base 10
0
-4 (base 13) to base 11
-4
6 (base 8) to base 5
11
Convert -10 (base 5) to base 15.
-5
10010 (base 2) to base 15
13
-7 (base 14) to base 9
-7
-2 (base 10) to base 16
-2
-43 (base 6) to base 4
-123
What is -6 (base 9) in base 7?
-6
400 (base 5) to base 14
72
What is -10 (base 3) in base 11?
-3
5c (base 16) to base 15
62
What is -16 (base 13) in base 9?
-21
43 (base 5) to base 3
212
-275 (base 12) to base 6
-1425
Convert -2 (base 13) to base 6.
-2
Convert -10 (base 6) to base 14.
-6
Convert -20 (base 8) to base 15.
-11
What is -27 (base 16) in base 15?
-29
-10101 (base 2) to base 11
-1a
13 (base 16) to base 2
10011
Convert -1b (base 14) to base 9.
-27
-14 (base 5) to base 8
-11
What is 112 (base 7) in base 11?
53
Convert 29 (base 12) to base 14.
25
Convert -2 (base 10) to base 13.
-2
What is -10001 (base 2) in base 14?
-13
-110 (base 2) to base 11
-6
Convert 3d (base 14) to base 4.
313
What is 22 (base 3) in base 14?
8
1 (base 2) to base 6
1
What is 2 (base 6) in base 4?
2
Convert -4 (base 12) to base 2.
-100
What is 34 (base 8) in base 15?
1d
6 (base 9) to base 16
6
What is -19 (base 12) in base 4?
-111
Convert 40 (base 10) to base 8.
50
1000 (base 2) to base 11
8
What is 105 (base 11) in base 10?
126
Convert c (base 15) to base 9.
13
a (base 15) to base 16
a
Convert 101211 (base 3) to base 5.
2132
What is 0 (base 11) in base 2?
0
Convert -12020 (base 3) to base 15.
-96
What is -2 (base 12) in base 16?
-2
What is -2 (base 6) in base 12?
-2
Convert 12 (base 6) to base 9.
8
What is 22 (base 3) in base 2?
1000
-24 (base 5) to base 4
-32
What is 24 (base 7) in base 11?
17
17 (base 14) to base 10
21
Convert -81 (base 11) to base 13.
-6b
1 (base 5) to base 7
1
-14 (base 9) to base 13
-10
What is 0 (base 12) in base 16?
0
-47 (base 8) to base 12
-33
Convert 1a (base 12) to base 3.
211
13 (base 16) to base 9
21
Convert 16 (base 11) to base 14.
13
-1033 (base 4) to base 10
-79
-240 (base 8) to base 3
-12221
Convert -3 (base 7) to base 10.
-3
Convert 110 (base 2) to base 14.
6
What is 7 (base 16) in base 15?
7
What is -1000 (base 3) in base 8?
-33
3 (base 13) to base 16
3
What is 11 (base 3) in base 15?
4
What is -1 (base 6) in base 15?
-1
Convert 59 (base 11) to base 15.
44
-19 (base 15) to base 5
-44
29 (base 10) to base 13
23
Convert -11122 (base 3) to base 4.
-1331
-127 (base 8) to base 5
-322
What is 129 (base 10) in base 3?
11210
What is 1a8 (base 13) in base 5?
2212
Convert 116 (base 12) to base 15.
ac
35 (base 16) to base 4
311
Convert 64 (base 7) to base 3.
1201
28 (base 14) to base 8
44
-14a (base 15) to base 9
-357
What is 5d (base 15) in base 6?
224
What is -2 (base 12) in base 2?
-10
Convert 2 (base 13) to base 3.
2
3 (base 16) to base 14
3
Convert -33 (base 11) to base 9.
-40
-196 (base 14) to base 3
-110011
2 (base 16) to base 9
2
-1 (base 6) to base 9
-1
Convert 1255 (base 6) to base 14.
191
7 (base 11) to base 12
7
Convert 201 (base 5) to base 16.
33
Convert -1 (base 5) to base 14.
-1
What is 101001 (base 2) in base 8?
51
Convert 2c (base 13) to base 9.
42
Convert 11 (base 2) to base 8.
3
-1010110 (base 2) to base 3
-10012
What is -54 (base 9) in base 12?
-41
3 (base 16) to base 9
3
Convert -41 (base 9) to base 6.
-101
Convert 12 (base 16) to base 3.
200
Convert 5 (base 16) to base 5.
10
-71 (base 16) to base 2
-1110001
Convert 1 (base 2) to base 13.
1
1120 (base 3) to base 11
39
What is -371 (base 9) in base 15?
-157
-7c (base 13) to base 12
-87
16 (base 10) to base 16
10
-2 (base 8) to base 5
-2
56 (base 14) to base 11
6a
What is 9 (base 10) in base 16?
9
What is 4 (base 16) in base 7?
4
-19 (base 15) to base 8
-30
What is b3 (base 14) in base 13?
c1
What is -140 (base 5) in base 9?
-50
Convert -430 (base 8) to base 9.
-341
What is 2a (base 15) in base 2?
101000
Convert 1 (base 8) to base 4.
1
What is 6 (base 12) in base 14?
6
What is 3 (base 4) in base 8?
3
What is -11 (base 6) in base 14?
-7
Convert -20000 (base 3) to base 10.
-162
What is 24 (base 7) in base 10?
18
What is -1 (base 2) in base 14?
-1
What is -268 (base 11) in base 14?
-188
Convert 1101 (base 2) to base 4.
31
What is 32 (base 4) in base 5?
24
What is d (base 15) in base 6?
21
What is 10 (base 3) in base 15?
3
Convert -3b (base 12) to base 10.
-47
Convert -10 (base 4) to base 7.
-4
What is 21 (base 3) in base 6?
11
What is -b (base 13) in base 2?
-1011
1 (base 11) to base 2
1
What is -4 (base 10) in base 7?
-4
-21 (base 4) to base 9
-10
Convert -138 (base 14) to base 4.
-3312
0 (base 12) to base 6
0
-3 (base 7) to base 6
-3
What is 110 (base 3) in base 8?
14
Convert -6 (base 16) to base 13.
-6
188 (base 9) to base 2
10100001
What is 2 (base 11) in base 4?
2
Convert 21 (base 4) to base 3.
100
What is 13 (base 7) in base 3?
101
-8 (base 10) to base 3
-22
-19 (base 12) to base 5
-41
13 (base 8) to base 10
11
What is -20 (base 10) in base 11?
-19
-3 (base 7) to base 10
-3
Convert -101 (base 3) to base 14.
-a
132 (base 12) to base 7
350
What is 166 (base 7) in base 2?
1100001
Convert 131 (base 5) to base 6.
105
4 (base 5) to base 3
11
What is 20210 (base 3) in base 16?
b7
What is c (base 16) in base 4?
30
What is 3 (base 13) in base 7?
3
What is 8 (base 12) in base 10?
8
-43 (base 13) to base 16
-37
What is 22 (base 9) in base 15?
15
Convert 2 (base 11) to base 3.
2
Convert 2 (base 16) to base 11.
2
Convert 37 (base 13) to base 16.
2e
-2 (base 16) to base 5
-2
Convert 28 (base 10) to base 14.
20
Convert 1 (base 16) to base 5.
1
What is 3 (base 9) in base 2?
11
0 (base 14) to base 13
0
0 (base 5) to base 7
0
Convert -7 (base 14) to base 16.
-7
Convert 11 (base 2) to base 14.
3
Convert -11 (base 6) to base 7.
-10
6 (base 12) to base 14
6
-4 (base 9) to base 14
-4
4 (base 8) to base 7
4
What is 15 (base 15) in base 10?
20
Convert -23 (base 8) to base 10.
-19
Convert -20 (base 8) to base 12.
-14
Convert 3 (base 5) to base 2.
11
What is -7 (base 12) in base 3?
-21
What is 116 (base 7) in base 10?
62
What is -2a (base 12) in base 5?
-114
Convert -215 (base 6) to base 14.
-5d
201 (base 3) to base 5
34
What is -10 (base 13) in base 10?
-13
What is -22 (base 8) in base 2?
-10010
What is 3 (base 9) in base 2?
11
What is 0 (base 4) in base 13?
0
-1 (base 10) to base 11
-1
What is -109 (base 13) in base 8?
-262
What is 0 (base 16) in base 15?
0
Convert 121 (base 3) to base 7.
22
2 (base 14) to base 4
2
-253 (base 8) to base 12
-123
Convert 132 (base 4) to base 15.
20
What is 10 (base 16) in base 12?
14
Convert 11 (base 3) to base 10.
4
What is -12 (base 3) in base 4?
-11
Convert -2 (base 8) to base 5.
-2
What is 23 (base 4) in base 12?
b
12 (base 5) to base 4
13
Convert 1021 (base 4) to base 15.
4d
Convert -101011000 (base 2) to base 10.
-344
What is -54 (base 9) in base 2?
-110001
Convert -50 (base 13) to base 4.
-1001
What is 1 (base 14) in base 15?
1
Convert -24 (base 14) to base 13.
-26
0 (base 10) to base 7
0
Convert 0 (base 15) to base 9.
0
4 (base 6) to base 10
4
-c3 (base 15) to base 8
-267
1101 (base 2) to base 10
13
14 (base 13) to base 3
122
What is 29 (base 11) in base 3?
1011
c (base 14) to base 13
c
-115 (base 6) to base 9
-52
Convert 2 (base 12) to base 5.
2
Convert 122 (base 3) to base 10.
17
What is -1 (base 2) in base 10?
-1
3d (base 16) to base 6
141
-1102 (base 3) to base 6
-102
Convert 100000 (base 2) to base 4.
200
5b (base 12) to base 9
78
What is 2 (base 15) in base 14?
2
-10101010 (base 2) to base 14
-c2
112 (base 3) to base 2
1110
What is -12 (base 10) in base 13?
-c
Convert 102110 (base 3) to base 6.
1233
Convert 1 (base 6) to base 7.
1
16 (base 12) to base 6
30
5 (base 16) to 